{"id":11,"date":"2022-06-25T01:14:16","date_gmt":"2022-06-24T22:14:16","guid":{"rendered":"http:\/\/oztoprakmotel.com\/?page_id=11"},"modified":"2025-06-24T00:10:59","modified_gmt":"2025-06-23T21:10:59","slug":"fiyat-tarifesi","status":"publish","type":"page","link":"http:\/\/oztoprakmotel.com\/index.php\/fiyat-tarifesi\/","title":{"rendered":"Fiyat Tarifesi"},"content":{"rendered":"<p style=\"text-align: center; background: #FAFAFA; margin: 0cm 0cm 8.25pt 0cm;\" align=\"center\"><span style=\"font-size: 14pt;\"><strong><span style=\"font-family: 'Source Sans Pro', sans-serif; color: #ff6600;\">Du\u015flu ve Du\u015f &#8216;suz Olmak \u00dczere, Ayr\u0131ca 4 Ki\u015filik ve 2 Ki\u015filik Odalar\u0131m\u0131z Mevcuttur.<\/span><\/strong><\/span><\/p>\n<p style=\"text-align: center; background: #FAFAFA; margin: 0cm 0cm 8.25pt 0cm;\" align=\"center\"><span style=\"font-size: 14pt;\"><strong><span style=\"font-family: 'Source Sans Pro', sans-serif; color: #993300;\">Telefonlar\u0131m\u0131z:\u00a0 0266 850 70 29\u20260266 855 70 51<\/span><\/strong><\/span><span style=\"font-size: 14pt;\"><strong><span style=\"font-family: 'Source Sans Pro', sans-serif; color: #993300;\">\u20260532 204 67 62\u2026<\/span><\/strong><\/span><\/p>\n<p style=\"text-align: center; background: #FAFAFA; margin: 0cm 0cm 8.25pt 0cm;\" align=\"center\"><span style=\"font-size: 14pt;\"><strong><span style=\"font-family: 'Source Sans Pro', sans-serif; color: #333399;\">\u2026Y\u00f6netim\u2026<\/span><\/strong><\/span><\/p>\n<p align=\"center\"><span style=\"font-size: 14pt; color: #800000;\"><strong>2025 F\u0130YAT TAR\u0130FEM\u0130Z<\/strong><\/span><\/p>\n<p align=\"center\"><span style=\"text-decoration: underline;\"><span style=\"font-size: 14pt; color: #ff0000; text-decoration: underline;\"><strong>TAM PANS\u0130YON<\/strong><\/span><\/span><\/p>\n<p align=\"center\"><span style=\"text-decoration: underline;\"><strong><span style=\"color: #0000ff; text-decoration: underline;\"><span style=\"color: #000000; text-decoration: underline;\">NOT:<\/span> HAFTA SONU <span style=\"color: #ff0000; text-decoration: underline;\">( CUMARTES\u0130, PAZAR )<\/span>\u00a0 F\u0130YATLAR DE\u011e\u0130\u015e\u0130KL\u0130K G\u00d6STEREB\u0130L\u0130R. BU DURUMDAN ETK\u0130LENMEMEN\u0130Z \u0130\u00c7\u0130N L\u00dcTFEN ARAYINIZ.<\/span><\/strong><\/span><\/p>\n<table style=\"border-collapse: collapse; width: 100%;\">\n<tbody>\n<tr>\n<td style=\"width: 25%; text-align: center;\"><span style=\"font-size: 12pt; color: #0000ff;\"><strong>K\u0130\u015e\u0130 SAYISI<\/strong><\/span><\/td>\n<td style=\"width: 25%; text-align: center;\"><span style=\"color: #0000ff; font-size: 12pt;\"><strong>PANS\u0130YON<\/strong><\/span><\/td>\n<td style=\"width: 25%; text-align: center;\"><span style=\"color: #ff0000;\"><strong><span style=\"font-size: 12pt;\">DU\u015eLU F\u0130YAT<\/span><\/strong><\/span><\/td>\n<td style=\"width: 25%; text-align: center;\"><span style=\"font-size: 12pt; color: #0000ff;\"><strong>DU\u015eSUZ F\u0130YAT<\/strong><\/span><\/td>\n<\/tr>\n<\/tbody>\n<\/table>\n<table style=\"border-collapse: collapse; width: 100%; height: 181px;\">\n<tbody>\n<tr>\n<td style=\"width: 25%; text-align: center;\"><span style=\"font-size: 12pt; color: #000080;\"><strong>1 K\u0130\u015e\u0130<\/strong><\/span><\/td>\n<td style=\"width: 25%; text-align: center;\"><span style=\"color: #ff6600;\"><strong><span style=\"font-size: 12pt;\">TAM PANS\u0130YON<\/span><\/strong><\/span><\/td>\n<td style=\"width: 25%; text-align: center;\"><span style=\"color: #800000;\"><strong><span style=\"font-size: 12pt;\">2.800 TL.<\/span><\/strong><\/span><\/td>\n<td style=\"width: 25%; text-align: center;\"><span style=\"font-size: 12pt; color: #800000;\"><strong>2.300 TL.<\/strong><\/span><\/td>\n<\/tr>\n<tr>\n<td style=\"width: 25%; text-align: center;\"><span style=\"font-size: 12pt; color: #000080;\"><strong>2 K\u0130\u015e\u0130<\/strong><\/span><\/td>\n<td style=\"width: 25%; text-align: center;\"><span style=\"color: #ff6600; font-size: 12pt;\"><strong>TAMPANS\u0130YON<\/strong><\/span><\/td>\n<td style=\"width: 25%; text-align: center;\"><span style=\"font-size: 12pt; color: #800000;\"><strong>5.600 TL.<\/strong><\/span><\/td>\n<td style=\"width: 25%; text-align: center;\"><span style=\"color: #800000; font-size: 12pt;\"><strong>4.600 TL.<\/strong><\/span><\/td>\n<\/tr>\n<tr>\n<td style=\"width: 25%; text-align: center;\"><span style=\"font-size: 12pt;\"><strong><span style=\"color: #000080;\">3 K\u0130\u015e\u0130<\/span><\/strong><\/span><\/td>\n<td style=\"width: 25%; text-align: center;\"><span style=\"color: #ff6600; font-size: 12pt;\"><strong>TAMPANS\u0130YON<\/strong><\/span><\/td>\n<td style=\"width: 25%; text-align: center;\"><span style=\"font-size: 12pt; color: #800000;\"><strong>8.190 TL.<\/strong><\/span><\/td>\n<td style=\"width: 25%; text-align: center;\"><span style=\"color: #800000; font-size: 12pt;\"><strong>6.725 TL.<\/strong><\/span><\/td>\n<\/tr>\n<tr>\n<td style=\"width: 25%; text-align: center;\"><span style=\"font-size: 12pt;\"><strong><span style=\"color: #000080;\">4 K\u0130\u015e\u0130<\/span><\/strong><\/span><\/td>\n<td style=\"width: 25%; text-align: center;\"><span style=\"color: #ff6600; font-size: 12pt;\"><strong>TAMPANS\u0130YON<\/strong><\/span><\/td>\n<td style=\"width: 25%; text-align: center;\"><span style=\"font-size: 12pt; color: #800000;\"><strong>10.640 TL.<\/strong><\/span><\/td>\n<td style=\"width: 25%; text-align: center;\"><strong><span style=\"color: #800000; font-size: 12pt;\">8.740 TL.<\/span><\/strong><\/td>\n<\/tr>\n<\/tbody>\n<\/table>\n<p style=\"text-align: center;\"><span style=\"text-decoration: underline; color: #ff0000;\"><strong><span style=\"font-size: 14pt;\">YARIM PANS\u0130YON\u00a0<\/span><\/strong><\/span><\/p>\n<p style=\"text-align: center;\"><span style=\"text-decoration: underline;\"><strong><span style=\"color: #0000ff; text-decoration: underline;\"><span style=\"color: #000000; text-decoration: underline;\">NOT:<\/span> HAFTA SONU<span style=\"color: #ff0000; text-decoration: underline;\">\u00a0( CUMARTES\u0130, PAZAR )<\/span>\u00a0 F\u0130YATLAR DE\u011e\u0130\u015e\u0130KL\u0130K G\u00d6STEREB\u0130L\u0130R. BU DURUMDAN ETK\u0130LENMEMEN\u0130Z \u0130\u00c7\u0130N L\u00dcTFEN ARAYINIZ.<\/span><\/strong><\/span><\/p>\n<table style=\"border-collapse: collapse; width: 100%; height: 32px;\">\n<tbody>\n<tr style=\"height: 32px;\">\n<td style=\"width: 25%; text-align: center; height: 32px;\"><span style=\"font-size: 12pt; color: #0000ff;\"><strong>K\u0130\u015e\u0130 SAYISI<\/strong><\/span><\/td>\n<td style=\"width: 25%; text-align: center; height: 32px;\"><span style=\"color: #0000ff; font-size: 12pt;\"><strong>PANS\u0130YON<\/strong><\/span><\/td>\n<td style=\"width: 25%; text-align: center; height: 32px;\"><span style=\"color: #ff0000;\"><strong><span style=\"font-size: 12pt;\">DU\u015eLU F\u0130YAT<\/span><\/strong><\/span><\/td>\n<td style=\"width: 25%; text-align: center; height: 32px;\"><span style=\"font-size: 12pt; color: #0000ff;\"><strong>DU\u015eSUZ F\u0130YAT<\/strong><\/span><\/td>\n<\/tr>\n<\/tbody>\n<\/table>\n<table style=\"border-collapse: collapse; width: 100%; height: 128px;\">\n<tbody>\n<tr style=\"height: 32px;\">\n<td style=\"width: 25%; text-align: center; height: 32px;\"><span style=\"font-size: 12pt; color: #000080;\"><strong>1 K\u0130\u015e\u0130<\/strong><\/span><\/td>\n<td style=\"width: 25%; text-align: center; height: 32px;\"><span style=\"font-size: 12pt; color: #ff6600;\"><strong>YARIM PANS\u0130YON<\/strong><\/span><\/td>\n<td style=\"width: 25%; text-align: center; height: 32px;\"><span style=\"font-size: 12pt; color: #800000;\"><strong>2.430 TL.<\/strong><\/span><\/td>\n<td style=\"width: 25%; text-align: center; height: 32px;\"><span style=\"font-size: 12pt; color: #800000;\"><strong>1.930 TL.<\/strong><\/span><\/td>\n<\/tr>\n<tr style=\"height: 32px;\">\n<td style=\"width: 25%; text-align: center; height: 32px;\"><span style=\"font-size: 12pt; color: #000080;\"><strong>2 K\u0130\u015e\u0130<\/strong><\/span><\/td>\n<td style=\"width: 25%; text-align: center; height: 32px;\"><span style=\"font-size: 12pt; color: #ff6600;\"><strong>YARIM PANS\u0130YON<\/strong><\/span><\/td>\n<td style=\"width: 25%; text-align: center; height: 32px;\"><span style=\"font-size: 12pt; color: #800000;\"><strong>4.860 TL.<\/strong><\/span><\/td>\n<td style=\"width: 25%; height: 32px; text-align: center;\"><span style=\"font-size: 12pt;\"><strong><span style=\"color: #800000;\">3.860 TL.<\/span><\/strong><\/span><\/td>\n<\/tr>\n<tr style=\"height: 32px;\">\n<td style=\"width: 25%; text-align: center; height: 32px;\"><span style=\"font-size: 12pt; color: #000080;\"><strong>3 K\u0130\u015e\u0130<\/strong><\/span><\/td>\n<td style=\"width: 25%; text-align: center; height: 32px;\"><span style=\"font-size: 12pt; color: #ff6600;\"><strong>YARIM PANS\u0130YON<\/strong><\/span><\/td>\n<td style=\"width: 25%; height: 32px; text-align: center;\"><span style=\"font-size: 12pt; color: #800000;\"><strong>7.100 TL.<\/strong><\/span><\/td>\n<td style=\"width: 25%; height: 32px; text-align: center;\"><span style=\"font-size: 12pt;\"><strong><span style=\"color: #800000;\">5.645 TL.<\/span><\/strong><\/span><\/td>\n<\/tr>\n<tr style=\"height: 32px;\">\n<td style=\"width: 25%; text-align: center; height: 32px;\"><span style=\"font-size: 12pt; color: #000080;\"><strong>4 K\u0130\u015e\u0130<\/strong><\/span><\/td>\n<td style=\"width: 25%; text-align: center; height: 32px;\"><span style=\"font-size: 12pt; color: #ff6600;\"><strong>YARIM PANS\u0130YON<\/strong><\/span><\/td>\n<td style=\"width: 25%; height: 32px; text-align: center;\"><span style=\"font-size: 12pt; color: #800000;\"><strong>9.230 TL.<\/strong><\/span><\/td>\n<td style=\"width: 25%; height: 32px; text-align: center;\"><strong><span style=\"color: #800000; font-size: 12pt;\">7.330 TL.<\/span><\/strong><\/td>\n<\/tr>\n<\/tbody>\n<\/table>\n<p style=\"text-align: center;\"><span style=\"text-decoration: underline;\"><strong><span style=\"color: #ff0000; text-decoration: underline;\">ODA KAHVALTI<\/span><\/strong><\/span><\/p>\n<table style=\"border-collapse: collapse; width: 100%;\">\n<tbody>\n<tr>\n<td style=\"width: 25%; text-align: center;\"><span style=\"font-size: 12pt; color: #0000ff;\"><strong>K\u0130\u015e\u0130 SAYISI<\/strong><\/span><\/td>\n<td style=\"width: 25%; text-align: center;\"><strong><span style=\"color: #ff0000;\">ODA KAHVALTI<\/span><\/strong><\/td>\n<td style=\"width: 25%; text-align: center;\"><span style=\"color: #ff0000;\"><strong><span style=\"font-size: 12pt;\">DU\u015eLU F\u0130YAT<\/span><\/strong><\/span><\/td>\n<td style=\"width: 25%; text-align: center;\"><span style=\"font-size: 12pt; color: #0000ff;\"><strong>DU\u015eSUZ F\u0130YAT<\/strong><\/span><\/td>\n<\/tr>\n<\/tbody>\n<\/table>\n<table style=\"border-collapse: collapse; width: 100%;\">\n<tbody>\n<tr>\n<td style=\"width: 25%; text-align: center;\"><span style=\"font-size: 12pt; color: #000080;\"><strong>1 K\u0130\u015e\u0130<\/strong><\/span><\/td>\n<td style=\"width: 25%; text-align: center;\"><strong><span style=\"color: #ff0000;\">ODA KAHVALTI<\/span><\/strong><\/td>\n<td style=\"width: 25%; text-align: center;\"><span style=\"color: #800000; font-size: 12pt;\"><strong>1.835 TL.<\/strong><\/span><\/td>\n<td style=\"width: 25%; text-align: center;\"><span style=\"color: #800000;\"><strong><span style=\"font-size: 12pt;\">1.340 TL.<\/span><\/strong><\/span><\/td>\n<\/tr>\n<tr>\n<td style=\"width: 25%; text-align: center;\"><span style=\"font-size: 12pt; color: #000080;\"><strong>2 K\u0130\u015e\u0130<\/strong><\/span><\/td>\n<td style=\"width: 25%; text-align: center;\"><strong><span style=\"color: #ff0000;\">ODA KAHVALTI<\/span><\/strong><\/td>\n<td style=\"width: 25%; text-align: center;\"><strong><span style=\"font-size: 12pt; color: #800000;\">3.670 TL.<\/span><\/strong><\/td>\n<td style=\"width: 25%; text-align: center;\"><span style=\"font-size: 12pt; color: #800000;\"><strong>2.680 TL.<\/strong><\/span><\/td>\n<\/tr>\n<tr>\n<td style=\"width: 25%; text-align: center;\"><span style=\"font-size: 12pt; color: #000080;\"><strong>3 K\u0130\u015e\u0130<\/strong><\/span><\/td>\n<td style=\"width: 25%; text-align: center;\"><strong><span style=\"color: #ff0000;\">ODA KAHVALTI<\/span><\/strong><\/td>\n<td style=\"width: 25%; text-align: center;\"><span style=\"font-size: 12pt; color: #800000;\"><strong>5.365 TL.<\/strong><\/span><\/td>\n<td style=\"width: 25%; text-align: center;\"><span style=\"font-size: 12pt; color: #800000;\"><strong>3.920 TL.<\/strong><\/span><\/td>\n<\/tr>\n<tr>\n<td style=\"width: 25%; text-align: center;\"><span style=\"font-size: 12pt; color: #000080;\"><strong>4 K\u0130\u015e\u0130<\/strong><\/span><\/td>\n<td style=\"width: 25%; text-align: center;\"><strong><span style=\"color: #ff0000;\">ODA KAHVALTI<\/span><\/strong><\/td>\n<td style=\"width: 25%; text-align: center;\"><span style=\"font-size: 12pt; color: #800000;\"><strong>6.970 TL<\/strong><\/span><\/td>\n<td style=\"width: 25%; text-align: center;\"><span style=\"font-size: 12pt; color: #800000;\"><strong>5.090 TL.<\/strong><\/span><\/td>\n<\/tr>\n<\/tbody>\n<\/table>\n<p style=\"text-align: center;\"><span style=\"text-decoration: underline;\"><strong><span style=\"color: #0000ff; text-decoration: underline;\"><span style=\"color: #000000; text-decoration: underline;\">NOT:<\/span> HAFTA SONU\u00a0 <span style=\"color: #ff0000; text-decoration: underline;\">( CUMARTES\u0130, PAZAR )<\/span>\u00a0 F\u0130YATLAR DE\u011e\u0130\u015e\u0130KL\u0130K G\u00d6STEREB\u0130L\u0130R. BU DURUMDAN ETK\u0130LENMEMEN\u0130Z \u0130\u00c7\u0130N L\u00dcTFEN ARAYINIZ.<\/span><\/strong><\/span><\/p>\n<p style=\"text-align: center;\"><span style=\"color: #0000ff;\"><strong>HAYIRLI VE E\u011eLENCEL\u0130 TAT\u0130LLER D\u0130LER\u0130Z.<\/strong><\/span><\/p>\n<p style=\"text-align: center; background: #FAFAFA; margin: 0cm 0cm 8.25pt 0cm;\" align=\"center\"><span style=\"font-size: 14pt;\"><strong><span style=\"font-family: 'Source Sans Pro', sans-serif; color: #993300;\">Telefonlar\u0131m\u0131z:\u00a0 0266 850 70 29\u20260266 855 70 51<\/span><\/strong><\/span><span style=\"font-size: 14pt;\"><strong><span style=\"font-family: 'Source Sans Pro', sans-serif; color: #993300;\">\u20260532 204 67 62\u2026<\/span><\/strong><\/span><\/p>\n<p style=\"text-align: center; background: #FAFAFA; margin: 0cm 0cm 8.25pt 0cm;\" align=\"center\"><span style=\"font-size: 14pt;\"><strong><span style=\"font-family: 'Source Sans Pro', sans-serif; color: #333399;\">\u2026Y\u00f6netim\u2026<\/span><\/strong><\/span><\/p>\n","protected":false},"excerpt":{"rendered":"<p>Du\u015flu ve Du\u015f &#8216;suz Olmak \u00dczere, Ayr\u0131ca 4 Ki\u015filik ve 2 Ki\u015filik Odalar\u0131m\u0131z Mevcuttur. Telefonlar\u0131m\u0131z:\u00a0 0266 850 70 29\u20260266 855 70 51\u20260532 204 67 62\u2026 \u2026Y\u00f6netim\u2026 2025 F\u0130YAT TAR\u0130FEM\u0130Z TAM PANS\u0130YON NOT: HAFTA SONU ( CUMARTES\u0130, PAZAR )\u00a0 F\u0130YATLAR DE\u011e\u0130\u015e\u0130KL\u0130K G\u00d6STEREB\u0130L\u0130R. BU DURUMDAN ETK\u0130LENMEMEN\u0130Z \u0130\u00c7\u0130N L\u00dcTFEN ARAYINIZ. K\u0130\u015e\u0130 SAYISI PANS\u0130YON DU\u015eLU F\u0130YAT DU\u015eSUZ F\u0130YAT 1 [&hellip;]<\/p>\n","protected":false},"author":1,"featured_media":226,"parent":0,"menu_order":0,"comment_status":"closed","ping_status":"closed","template":"","meta":{"footnotes":""},"class_list":["post-11","page","type-page","status-publish","has-post-thumbnail","czr-hentry"],"_links":{"self":[{"href":"http:\/\/oztoprakmotel.com\/index.php\/wp-json\/wp\/v2\/pages\/11","targetHints":{"allow":["GET"]}}],"collection":[{"href":"http:\/\/oztoprakmotel.com\/index.php\/wp-json\/wp\/v2\/pages"}],"about":[{"href":"http:\/\/oztoprakmotel.com\/index.php\/wp-json\/wp\/v2\/types\/page"}],"author":[{"embeddable":true,"href":"http:\/\/oztoprakmotel.com\/index.php\/wp-json\/wp\/v2\/users\/1"}],"replies":[{"embeddable":true,"href":"http:\/\/oztoprakmotel.com\/index.php\/wp-json\/wp\/v2\/comments?post=11"}],"version-history":[{"count":15,"href":"http:\/\/oztoprakmotel.com\/index.php\/wp-json\/wp\/v2\/pages\/11\/revisions"}],"predecessor-version":[{"id":431,"href":"http:\/\/oztoprakmotel.com\/index.php\/wp-json\/wp\/v2\/pages\/11\/revisions\/431"}],"wp:featuredmedia":[{"embeddable":true,"href":"http:\/\/oztoprakmotel.com\/index.php\/wp-json\/wp\/v2\/media\/226"}],"wp:attachment":[{"href":"http:\/\/oztoprakmotel.com\/index.php\/wp-json\/wp\/v2\/media?parent=11"}],"curies":[{"name":"wp","href":"https:\/\/api.w.org\/{rel}","templated":true}]}}